{"id":9,"date":"2015-12-04T02:08:42","date_gmt":"2015-12-04T02:08:42","guid":{"rendered":"http:\/\/theme-fusion.com\/avada\/construction\/?page_id=9"},"modified":"2023-04-25T13:32:47","modified_gmt":"2023-04-25T13:32:47","slug":"services","status":"publish","type":"page","link":"https:\/\/kkmetalli.fi\/index.php\/services\/","title":{"rendered":"Palvelut"},"content":{"rendered":"<p><div class=\"fusion-fullwidth fullwidth-box fusion-builder-row-1 fusion-flex-container fusion-parallax-none nonhundred-percent-fullwidth non-hundred-percent-height-scrolling lazyload\" style=\"--awb-border-radius-top-left:0px;--awb-border-radius-top-right:0px;--awb-border-radius-bottom-right:0px;--awb-border-radius-bottom-left:0px;--awb-min-height:calc(100vh - 162px);--awb-background-size:cover;--awb-flex-wrap:wrap;\" data-bg=\"https:\/\/kkmetalli.fi\/wp-content\/uploads\/2023\/04\/architecture-g58a055b78_1920-1-1200x800.jpg\" ><div class=\"fusion-builder-row fusion-row fusion-flex-align-items-flex-start fusion-flex-align-content-center fusion-flex-content-wrap\" style=\"max-width:1216.8px;margin-left: calc(-4% \/ 2 );margin-right: calc(-4% \/ 2 );\"><div class=\"fusion-layout-column fusion_builder_column fusion-builder-column-0 fusion_builder_column_1_1 1_1 fusion-flex-column fusion-animated\" style=\"--awb-bg-size:cover;--awb-width-large:100%;--awb-margin-top-large:0px;--awb-spacing-right-large:1.92%;--awb-margin-bottom-large:0px;--awb-spacing-left-large:1.92%;--awb-width-medium:100%;--awb-order-medium:0;--awb-spacing-right-medium:1.92%;--awb-spacing-left-medium:1.92%;--awb-width-small:100%;--awb-order-small:0;--awb-spacing-right-small:1.92%;--awb-spacing-left-small:1.92%;\" data-animationType=\"fadeInUp\" data-animationDuration=\"1.0\" data-animationOffset=\"top-into-view\"><div class=\"fusion-column-wrapper fusion-column-has-shadow fusion-flex-justify-content-flex-start fusion-content-layout-column\"><div class=\"fusion-title title fusion-title-1 fusion-sep-none fusion-title-center fusion-title-text fusion-title-size-one\" style=\"--awb-text-color:var(--awb-color5);--awb-margin-bottom:0px;--awb-margin-top-small:0px;--awb-margin-right-small:0px;--awb-margin-bottom-small:20px;--awb-margin-left-small:0px;--awb-font-size:var(--awb-typography1-font-size);\"><h1 class=\"fusion-title-heading title-heading-center fusion-responsive-typography-calculated\" style=\"font-family:&quot;Raleway&quot;;font-style:normal;font-weight:800;margin:0;letter-spacing:var(--awb-typography1-letter-spacing);text-transform:var(--awb-typography1-text-transform);font-size:1em;--fontSize:60;line-height:var(--awb-typography1-line-height);text-shadow:4px 4px 4px #000000;\"><em>Palvelut<\/em><\/h1><\/div><div class=\"fusion-text fusion-text-1\" style=\"--awb-content-alignment:center;--awb-font-size:var(--awb-typography2-font-size);--awb-line-height:var(--awb-typography2-line-height);--awb-letter-spacing:var(--awb-typography2-letter-spacing);--awb-text-transform:var(--awb-typography2-text-transform);--awb-text-color:var(--awb-color5);--awb-text-font-family:var(--awb-typography2-font-family);--awb-text-font-weight:var(--awb-typography2-font-weight);--awb-text-font-style:var(--awb-typography2-font-style);\"><\/div><\/div><\/div><\/div><\/div><div class=\"fusion-fullwidth fullwidth-box fusion-builder-row-2 fusion-flex-container nonhundred-percent-fullwidth non-hundred-percent-height-scrolling\" style=\"--awb-background-position:left top;--awb-border-sizes-top:0px;--awb-border-sizes-bottom:0px;--awb-border-sizes-left:0px;--awb-border-sizes-right:0px;--awb-border-radius-top-left:0px;--awb-border-radius-top-right:0px;--awb-border-radius-bottom-right:0px;--awb-border-radius-bottom-left:0px;--awb-padding-top:50px;--awb-padding-bottom:50px;--awb-background-color:var(--awb-color5);--awb-flex-wrap:wrap;\" ><div class=\"fusion-builder-row fusion-row fusion-flex-align-items-flex-start fusion-flex-content-wrap\" style=\"max-width:calc( 1170px + 0px );margin-left: calc(-0px \/ 2 );margin-right: calc(-0px \/ 2 );\"><div class=\"fusion-layout-column fusion_builder_column fusion-builder-column-1 fusion_builder_column_1_1 1_1 fusion-flex-column\" style=\"--awb-bg-blend:overlay;--awb-bg-size:cover;--awb-width-large:100%;--awb-margin-top-large:0px;--awb-spacing-right-large:0px;--awb-margin-bottom-large:0px;--awb-spacing-left-large:0px;--awb-width-medium:100%;--awb-spacing-right-medium:0px;--awb-spacing-left-medium:0px;--awb-width-small:100%;--awb-spacing-right-small:0px;--awb-spacing-left-small:0px;\"><div class=\"fusion-column-wrapper fusion-flex-justify-content-flex-start fusion-content-layout-column\"><div class=\"fusion-title title fusion-title-2 fusion-sep-none fusion-title-center fusion-title-text fusion-title-size-two\" style=\"--awb-margin-top-small:0px;--awb-margin-right-small:0px;--awb-margin-bottom-small:10px;--awb-margin-left-small:0px;\"><h2 class=\"fusion-title-heading title-heading-center fusion-responsive-typography-calculated\" style=\"margin:0;text-transform:uppercase;--fontSize:32;line-height:1.3;\">Metallity\u00f6t saranasta siltaan<\/h2><\/div><\/div><\/div><\/div><\/div><div class=\"fusion-fullwidth fullwidth-box fusion-builder-row-3 fusion-flex-container nonhundred-percent-fullwidth non-hundred-percent-height-scrolling\" style=\"--awb-background-position:left top;--awb-border-sizes-top:0px;--awb-border-sizes-bottom:0px;--awb-border-sizes-left:0px;--awb-border-sizes-right:0px;--awb-border-radius-top-left:0px;--awb-border-radius-top-right:0px;--awb-border-radius-bottom-right:0px;--awb-border-radius-bottom-left:0px;--awb-padding-top:0px;--awb-padding-bottom:20px;--awb-background-color:var(--awb-color1);--awb-flex-wrap:wrap;\" ><div class=\"fusion-builder-row fusion-row fusion-flex-align-items-flex-start fusion-flex-content-wrap\" style=\"max-width:calc( 1170px + 0px );margin-left: calc(-0px \/ 2 );margin-right: calc(-0px \/ 2 );\"><\/div><\/div><div class=\"fusion-fullwidth fullwidth-box fusion-builder-row-4 fusion-flex-container nonhundred-percent-fullwidth non-hundred-percent-height-scrolling\" style=\"--awb-background-position:left top;--awb-border-sizes-top:0px;--awb-border-sizes-bottom:0px;--awb-border-sizes-left:0px;--awb-border-sizes-right:0px;--awb-border-radius-top-left:0px;--awb-border-radius-top-right:0px;--awb-border-radius-bottom-right:0px;--awb-border-radius-bottom-left:0px;--awb-padding-top:3%;--awb-padding-bottom:2%;--awb-background-color:var(--awb-color1);--awb-flex-wrap:wrap;\" ><div class=\"fusion-builder-row fusion-row fusion-flex-align-items-flex-start fusion-flex-content-wrap\" style=\"max-width:1216.8px;margin-left: calc(-4% \/ 2 );margin-right: calc(-4% \/ 2 );\"><div class=\"fusion-layout-column fusion_builder_column fusion-builder-column-2 fusion_builder_column_1_1 1_1 fusion-flex-column\" style=\"--awb-bg-blend:overlay;--awb-bg-size:cover;--awb-width-large:100%;--awb-margin-top-large:50px;--awb-spacing-right-large:1.92%;--awb-margin-bottom-large:25px;--awb-spacing-left-large:1.92%;--awb-width-medium:100%;--awb-margin-top-medium:30px;--awb-spacing-right-medium:1.92%;--awb-spacing-left-medium:1.92%;--awb-width-small:100%;--awb-margin-top-small:10px;--awb-spacing-right-small:1.92%;--awb-spacing-left-small:1.92%;\"><div class=\"fusion-column-wrapper fusion-flex-justify-content-flex-start fusion-content-layout-column\"><div class=\"fusion-tabs fusion-tabs-1 clean vertical-tabs icon-position-left mobile-mode-accordion\" style=\"--awb-title-border-radius-top-left:0px;--awb-title-border-radius-top-right:0px;--awb-title-border-radius-bottom-right:0px;--awb-title-border-radius-bottom-left:0px;--awb-alignment:center;--awb-inactive-color:var(--awb-color2);--awb-background-color:var(--awb-color5);--awb-border-color:rgba(245,245,245,0);--awb-active-border-color:var(--awb-color5);\"><div class=\"nav\"><ul class=\"nav-tabs\" role=\"tablist\" aria-orientation=\"vertical\"><li class=\"active\" role=\"presentation\"><a class=\"tab-link\" data-toggle=\"tab\" role=\"tab\" aria-controls=\"tab-9fa4de69352dd3a8694\" aria-selected=\"true\" tabindex=\"0\" id=\"fusion-tab-9fa4de69352dd3a8694\" href=\"#tab-9fa4de69352dd3a8694\"><h4 class=\"fusion-tab-heading\">Teollisuus- ja prosessiputkistot<\/h4><\/a><\/li><li  role=\"presentation\"><a class=\"tab-link\" data-toggle=\"tab\" role=\"tab\" aria-controls=\"tab-481ef9497bbbde5e87b\" aria-selected=\"false\" tabindex=\"-1\" id=\"fusion-tab-481ef9497bbbde5e87b\" href=\"#tab-481ef9497bbbde5e87b\"><h4 class=\"fusion-tab-heading\">Kokoonpano- ja korjaushitsaukset<\/h4><\/a><\/li><li  role=\"presentation\"><a class=\"tab-link\" data-toggle=\"tab\" role=\"tab\" aria-controls=\"tab-3d9bc85278e832dbedd\" aria-selected=\"false\" tabindex=\"-1\" id=\"fusion-tab-3d9bc85278e832dbedd\" href=\"#tab-3d9bc85278e832dbedd\"><h4 class=\"fusion-tab-heading\">Huolto- ja kunnossapito<\/h4><\/a><\/li><li  role=\"presentation\"><a class=\"tab-link\" data-toggle=\"tab\" role=\"tab\" aria-controls=\"tab-ed172fdc9e3cc557aae\" aria-selected=\"false\" tabindex=\"-1\" id=\"fusion-tab-ed172fdc9e3cc557aae\" href=\"#tab-ed172fdc9e3cc557aae\"><h4 class=\"fusion-tab-heading\">Purkuty\u00f6t<\/h4><\/a><\/li><li  role=\"presentation\"><a class=\"tab-link\" data-toggle=\"tab\" role=\"tab\" aria-controls=\"tab-aa491566f0abfcd517f\" aria-selected=\"false\" tabindex=\"-1\" id=\"fusion-tab-aa491566f0abfcd517f\" href=\"#tab-aa491566f0abfcd517f\"><h4 class=\"fusion-tab-heading\">Ter\u00e4s- ja alumiinirakenteet<\/h4><\/a><\/li><li  role=\"presentation\"><a class=\"tab-link\" data-toggle=\"tab\" role=\"tab\" aria-controls=\"tab-e03af6c042a4ded1bba\" aria-selected=\"false\" tabindex=\"-1\" id=\"fusion-tab-e03af6c042a4ded1bba\" href=\"#tab-e03af6c042a4ded1bba\"><h4 class=\"fusion-tab-heading\">Pintak\u00e4sittely<\/h4><\/a><\/li><li  role=\"presentation\"><a class=\"tab-link\" data-toggle=\"tab\" role=\"tab\" aria-controls=\"tab-c224fe79e9ffb1a268d\" aria-selected=\"false\" tabindex=\"-1\" id=\"fusion-tab-c224fe79e9ffb1a268d\" href=\"#tab-c224fe79e9ffb1a268d\"><h4 class=\"fusion-tab-heading\">Alihankinta<\/h4><\/a><\/li><\/ul><\/div><div class=\"tab-content\"><div class=\"nav fusion-mobile-tab-nav\"><ul class=\"nav-tabs\" role=\"tablist\" aria-orientation=\"vertical\"><li class=\"active\" role=\"presentation\"><a class=\"tab-link\" data-toggle=\"tab\" role=\"tab\" aria-controls=\"tab-9fa4de69352dd3a8694\" aria-selected=\"true\" tabindex=\"0\" id=\"mobile-fusion-tab-9fa4de69352dd3a8694\" href=\"#tab-9fa4de69352dd3a8694\"><h4 class=\"fusion-tab-heading\">Teollisuus- ja prosessiputkistot<\/h4><\/a><\/li><\/ul><\/div><div class=\"tab-pane fade fusion-clearfix in active\" role=\"tabpanel\" tabindex=\"0\" aria-labelledby=\"fusion-tab-9fa4de69352dd3a8694\" id=\"tab-9fa4de69352dd3a8694\">\n<p>Toimitamme teollisuusputkistot ja putkistoasennukset mittatilausty\u00f6n\u00e4. Alkaen putkistojen suunnittelusta ja esivalmistelusta aina asennukseen, tarkastukseen ja k\u00e4ytt\u00f6\u00f6nottoon asti.&nbsp;<\/p>\n<p>Toimitukset sis\u00e4lt\u00e4v\u00e4t mm. asennuksen suunnittelun, perustukset, ter\u00e4srakenteet, laitetoimitukset sek\u00e4 kone- ja laiteasennukset.<\/p>\n<p>Valmistamme metallirakenteet ja teemme esivalmistelevat ty\u00f6t asennus- ja kunnossapitoty\u00f6kohteisiimme omalla verstaalla Kotkan Hovinsaarella.<\/p>\n<\/div><div class=\"nav fusion-mobile-tab-nav\"><ul class=\"nav-tabs\" role=\"tablist\" aria-orientation=\"vertical\"><li  role=\"presentation\"><a class=\"tab-link\" data-toggle=\"tab\" role=\"tab\" aria-controls=\"tab-481ef9497bbbde5e87b\" aria-selected=\"false\" tabindex=\"-1\" id=\"mobile-fusion-tab-481ef9497bbbde5e87b\" href=\"#tab-481ef9497bbbde5e87b\"><h4 class=\"fusion-tab-heading\">Kokoonpano- ja korjaushitsaukset<\/h4><\/a><\/li><\/ul><\/div><div class=\"tab-pane fade fusion-clearfix\" role=\"tabpanel\" tabindex=\"0\" aria-labelledby=\"fusion-tab-481ef9497bbbde5e87b\" id=\"tab-481ef9497bbbde5e87b\">\n<p>Teemme hitsaust\u00f6it\u00e4 omissa tiloissamme Kotkan Hovinsaarella, sek\u00e4 asiakkaan kohteissa p\u00e4\u00e4s\u00e4\u00e4nt\u00f6isesti Kymenlaakson alueella. Alle listattu yleisimmin k\u00e4ytt\u00e4mi\u00e4mme materiaaleja ja ty\u00f6menetelmi\u00e4.<\/p>\n<ul>\n<li>Ruostumaton ter\u00e4s (RST)<\/li>\n<li>Haponkest\u00e4v\u00e4 ter\u00e4s (HST)&nbsp;<\/li>\n<li>Mustater\u00e4s (Fe)<\/li>\n<li>Kulutuksenkest\u00e4v\u00e4 ter\u00e4s (Hardox)<\/li>\n<li>Alumiini (Al)<\/li>\n<\/ul>\n<p>&nbsp;<\/p>\n<ul>\n<li>MIG<\/li>\n<li>TIG<\/li>\n<li>Puikko<\/li>\n<li>Kaasuhitsaus<\/li>\n<\/ul>\n<p>&nbsp;<\/p>\n<\/div><div class=\"nav fusion-mobile-tab-nav\"><ul class=\"nav-tabs\" role=\"tablist\" aria-orientation=\"vertical\"><li  role=\"presentation\"><a class=\"tab-link\" data-toggle=\"tab\" role=\"tab\" aria-controls=\"tab-3d9bc85278e832dbedd\" aria-selected=\"false\" tabindex=\"-1\" id=\"mobile-fusion-tab-3d9bc85278e832dbedd\" href=\"#tab-3d9bc85278e832dbedd\"><h4 class=\"fusion-tab-heading\">Huolto- ja kunnossapito<\/h4><\/a><\/li><\/ul><\/div><div class=\"tab-pane fade fusion-clearfix\" role=\"tabpanel\" tabindex=\"0\" aria-labelledby=\"fusion-tab-3d9bc85278e832dbedd\" id=\"tab-3d9bc85278e832dbedd\">\n<p>Teollisuuden kunnossapito perustuu huolto- tai puitesopimukseen, jonka puitteissa teemme tarkastuksia ja erilaisia huoltotoimenpiteit\u00e4.&nbsp; Sellaisia voivat olla esimerkiksi vuotavat venttiilit, sy\u00f6pyneet linjastot, halkeamat ja tukokset.<\/p>\n<p>Teemme my\u00f6s muunlaisia huoltot\u00f6it\u00e4 yksitt\u00e4isist\u00e4 t\u00f6ist\u00e4 aina vuotuisiin huoltoseisokkit\u00f6ihin.<\/p>\n<p>&nbsp;<\/p>\n<\/div><div class=\"nav fusion-mobile-tab-nav\"><ul class=\"nav-tabs\" role=\"tablist\" aria-orientation=\"vertical\"><li  role=\"presentation\"><a class=\"tab-link\" data-toggle=\"tab\" role=\"tab\" aria-controls=\"tab-ed172fdc9e3cc557aae\" aria-selected=\"false\" tabindex=\"-1\" id=\"mobile-fusion-tab-ed172fdc9e3cc557aae\" href=\"#tab-ed172fdc9e3cc557aae\"><h4 class=\"fusion-tab-heading\">Purkuty\u00f6t<\/h4><\/a><\/li><\/ul><\/div><div class=\"tab-pane fade fusion-clearfix\" role=\"tabpanel\" tabindex=\"0\" aria-labelledby=\"fusion-tab-ed172fdc9e3cc557aae\" id=\"tab-ed172fdc9e3cc557aae\">Putkistojen ja ter\u00e4srakenteiden purkuty\u00f6t.<\/div><div class=\"nav fusion-mobile-tab-nav\"><ul class=\"nav-tabs\" role=\"tablist\" aria-orientation=\"vertical\"><li  role=\"presentation\"><a class=\"tab-link\" data-toggle=\"tab\" role=\"tab\" aria-controls=\"tab-aa491566f0abfcd517f\" aria-selected=\"false\" tabindex=\"-1\" id=\"mobile-fusion-tab-aa491566f0abfcd517f\" href=\"#tab-aa491566f0abfcd517f\"><h4 class=\"fusion-tab-heading\">Ter\u00e4s- ja alumiinirakenteet<\/h4><\/a><\/li><\/ul><\/div><div class=\"tab-pane fade fusion-clearfix\" role=\"tabpanel\" tabindex=\"0\" aria-labelledby=\"fusion-tab-aa491566f0abfcd517f\" id=\"tab-aa491566f0abfcd517f\">\n<ul>\n<li>Portaat, tikkaat<\/li>\n<li>Hoitotasot, kulkusillat<\/li>\n<li>Kaiteet, k\u00e4sijohteet<\/li>\n<li>Katokset<\/li>\n<li>Aidat<\/li>\n<li>Ovet, portit ja saranoinnit<\/li>\n<li>Luiskat, rampit<\/li>\n<li>Kannakkeet<\/li>\n<li>Listat, kynnykset<\/li>\n<li>Sy\u00f6ksyputket, kourut<\/li>\n<\/ul>\n<\/div><div class=\"nav fusion-mobile-tab-nav\"><ul class=\"nav-tabs\" role=\"tablist\" aria-orientation=\"vertical\"><li  role=\"presentation\"><a class=\"tab-link\" data-toggle=\"tab\" role=\"tab\" aria-controls=\"tab-e03af6c042a4ded1bba\" aria-selected=\"false\" tabindex=\"-1\" id=\"mobile-fusion-tab-e03af6c042a4ded1bba\" href=\"#tab-e03af6c042a4ded1bba\"><h4 class=\"fusion-tab-heading\">Pintak\u00e4sittely<\/h4><\/a><\/li><\/ul><\/div><div class=\"tab-pane fade fusion-clearfix\" role=\"tabpanel\" tabindex=\"0\" aria-labelledby=\"fusion-tab-e03af6c042a4ded1bba\" id=\"tab-e03af6c042a4ded1bba\">\n<p>Maalaamme ja pintak\u00e4sittelemme tarvittaessa valmistamamme ter\u00e4srakenteet. Kauttamme onnistuvat my\u00f6s muut pienemm\u00e4t ja v\u00e4h\u00e4n suuremmatkin maalausprojektit.&nbsp;<\/p>\n<ul>\n<li>Kaiteet<\/li>\n<li>Hoitotasot<\/li>\n<li>S\u00e4ili\u00f6t<\/li>\n<\/ul>\n<\/div><div class=\"nav fusion-mobile-tab-nav\"><ul class=\"nav-tabs\" role=\"tablist\" aria-orientation=\"vertical\"><li  role=\"presentation\"><a class=\"tab-link\" data-toggle=\"tab\" role=\"tab\" aria-controls=\"tab-c224fe79e9ffb1a268d\" aria-selected=\"false\" tabindex=\"-1\" id=\"mobile-fusion-tab-c224fe79e9ffb1a268d\" href=\"#tab-c224fe79e9ffb1a268d\"><h4 class=\"fusion-tab-heading\">Alihankinta<\/h4><\/a><\/li><\/ul><\/div><div class=\"tab-pane fade fusion-clearfix\" role=\"tabpanel\" tabindex=\"0\" aria-labelledby=\"fusion-tab-c224fe79e9ffb1a268d\" id=\"tab-c224fe79e9ffb1a268d\">\n<p>Laajan alihankintaverkoston kautta onnistuvat muun muassa:<\/p>\n<ul>\n<li>S\u00e4hk\u00f6- ja automaatioty\u00f6t<\/li>\n<li>Hydrauliikkaty\u00f6t<\/li>\n<li>Muovin ja metallin sorvausty\u00f6t<\/li>\n<li>Hiekkapuhallukset<\/li>\n<li>Varastointi<\/li>\n<li>Nostoty\u00f6t<\/li>\n<li>Kuljetukset<\/li>\n<\/ul>\n<\/div><\/div><\/div><\/div><\/div><\/div><\/div><div class=\"fusion-fullwidth fullwidth-box fusion-builder-row-5 fusion-flex-container nonhundred-percent-fullwidth non-hundred-percent-height-scrolling\" style=\"--awb-background-position:left top;--awb-border-sizes-top:0px;--awb-border-sizes-bottom:0px;--awb-border-sizes-left:0px;--awb-border-sizes-right:0px;--awb-border-radius-top-left:0px;--awb-border-radius-top-right:0px;--awb-border-radius-bottom-right:0px;--awb-border-radius-bottom-left:0px;--awb-padding-top:0px;--awb-padding-bottom:70px;--awb-background-color:var(--awb-color2);--awb-flex-wrap:wrap;\" ><div class=\"fusion-builder-row fusion-row fusion-flex-align-items-flex-start fusion-flex-content-wrap\" style=\"max-width:1216.8px;margin-left: calc(-4% \/ 2 );margin-right: calc(-4% \/ 2 );\"><div class=\"fusion-layout-column fusion_builder_column fusion-builder-column-3 fusion_builder_column_1_1 1_1 fusion-flex-column\" style=\"--awb-bg-blend:overlay;--awb-bg-size:cover;--awb-width-large:100%;--awb-margin-top-large:0px;--awb-spacing-right-large:1.92%;--awb-margin-bottom-large:0px;--awb-spacing-left-large:1.92%;--awb-width-medium:100%;--awb-spacing-right-medium:1.92%;--awb-spacing-left-medium:1.92%;--awb-width-small:100%;--awb-spacing-right-small:1.92%;--awb-spacing-left-small:1.92%;\"><div class=\"fusion-column-wrapper fusion-flex-justify-content-flex-start fusion-content-layout-column\"><div class=\"fusion-section-separator section-separator big-half-circle fusion-section-separator-1\" style=\"--awb-spacer-height:99px;--awb-svg-margin-left:1.92%;--awb-svg-margin-right:1.92%;--awb-svg-margin-left-medium:1.92%;--awb-svg-margin-right-medium:1.92%;--awb-svg-margin-left-small:1.92%;--awb-svg-margin-right-small:1.92%;--awb-divider-height:99px;--awb-spacer-padding-top:inherit;--awb-sep-padding:0;--awb-svg-padding:0;\"><div class=\"fusion-section-separator-svg\"><svg class=\"fusion-big-half-circle-candy\" xmlns=\"http:\/\/www.w3.org\/2000\/svg\" version=\"1.1\" width=\"100%\" height=\"100\" viewBox=\"0 0 100 100\" preserveAspectRatio=\"none\" fill=\"rgba(255,255,255,1)\"><path d=\"M0 0 C55 180 100 0 100 0 Z\"><\/path><\/svg><\/div><div class=\"fusion-section-separator-spacer\"><div class=\"fusion-section-separator-spacer-height\"><\/div><\/div><\/div><div class=\"fusion-separator fusion-full-width-sep\" style=\"align-self: center;margin-left: auto;margin-right: auto;margin-top:80px;width:100%;\"><\/div><\/div><\/div><\/div><\/div><\/p>\n","protected":false},"excerpt":{"rendered":"","protected":false},"author":1,"featured_media":0,"parent":0,"menu_order":0,"comment_status":"closed","ping_status":"closed","template":"100-width.php","meta":{"footnotes":""},"class_list":["post-9","page","type-page","status-publish","hentry"],"_links":{"self":[{"href":"https:\/\/kkmetalli.fi\/index.php\/wp-json\/wp\/v2\/pages\/9","targetHints":{"allow":["GET"]}}],"collection":[{"href":"https:\/\/kkmetalli.fi\/index.php\/wp-json\/wp\/v2\/pages"}],"about":[{"href":"https:\/\/kkmetalli.fi\/index.php\/wp-json\/wp\/v2\/types\/page"}],"author":[{"embeddable":true,"href":"https:\/\/kkmetalli.fi\/index.php\/wp-json\/wp\/v2\/users\/1"}],"replies":[{"embeddable":true,"href":"https:\/\/kkmetalli.fi\/index.php\/wp-json\/wp\/v2\/comments?post=9"}],"version-history":[{"count":21,"href":"https:\/\/kkmetalli.fi\/index.php\/wp-json\/wp\/v2\/pages\/9\/revisions"}],"predecessor-version":[{"id":1500,"href":"https:\/\/kkmetalli.fi\/index.php\/wp-json\/wp\/v2\/pages\/9\/revisions\/1500"}],"wp:attachment":[{"href":"https:\/\/kkmetalli.fi\/index.php\/wp-json\/wp\/v2\/media?parent=9"}],"curies":[{"name":"wp","href":"https:\/\/api.w.org\/{rel}","templated":true}]}}